{"id":64,"date":"2020-08-09T21:44:07","date_gmt":"2020-08-10T02:44:07","guid":{"rendered":"http:\/\/delaprovincia.pe\/?page_id=64"},"modified":"2020-09-18T16:21:17","modified_gmt":"2020-09-18T21:21:17","slug":"martin","status":"publish","type":"page","link":"http:\/\/delaprovincia.pe\/index.php\/martin\/","title":{"rendered":"Hermanos Colos Arango"},"content":{"rendered":"\n<p class=\"has-black-color has-text-color\">En las planicies de Chanquil, muy cerca de Pampa Cangallo, a una hora de Ayacucho, Se encuentra la queseria de los hermanos Colos Arango.  Su especialidad el Queso Morochuco. Un sabor con caracter propio, bastante maduro con alto contenido de grasa. Tambi\u00e9n preparan queso fresco, mozarella y ricotta.<\/p>\n\n\n\n<div class=\"wp-block-image\"><figure class=\"aligncenter size-large\"><img loading=\"lazy\" width=\"1024\" height=\"768\" src=\"http:\/\/delaprovincia.pe\/wp-content\/uploads\/2020\/08\/Hermanos-Colos-Arango-Cangallo-1024x768.jpg\" alt=\"\" class=\"wp-image-31\" srcset=\"http:\/\/delaprovincia.pe\/wp-content\/uploads\/2020\/08\/Hermanos-Colos-Arango-Cangallo-1024x768.jpg 1024w, http:\/\/delaprovincia.pe\/wp-content\/uploads\/2020\/08\/Hermanos-Colos-Arango-Cangallo-530x398.jpg 530w, http:\/\/delaprovincia.pe\/wp-content\/uploads\/2020\/08\/Hermanos-Colos-Arango-Cangallo-300x225.jpg 300w, http:\/\/delaprovincia.pe\/wp-content\/uploads\/2020\/08\/Hermanos-Colos-Arango-Cangallo-768x576.jpg 768w, http:\/\/delaprovincia.pe\/wp-content\/uploads\/2020\/08\/Hermanos-Colos-Arango-Cangallo-1536x1152.jpg 1536w, http:\/\/delaprovincia.pe\/wp-content\/uploads\/2020\/08\/Hermanos-Colos-Arango-Cangallo.jpg 2048w\" sizes=\"(max-width: 1024px) 100vw, 1024px\" \/><\/figure><\/div>\n\n\n\n<div class=\"wp-block-image\"><figure class=\"aligncenter size-large\"><img loading=\"lazy\" width=\"1024\" height=\"612\" src=\"http:\/\/delaprovincia.pe\/wp-content\/uploads\/2020\/08\/IMAG0862-1024x612.jpg\" alt=\"\" class=\"wp-image-12\" srcset=\"http:\/\/delaprovincia.pe\/wp-content\/uploads\/2020\/08\/IMAG0862-1024x612.jpg 1024w, http:\/\/delaprovincia.pe\/wp-content\/uploads\/2020\/08\/IMAG0862-scaled-530x317.jpg 530w, http:\/\/delaprovincia.pe\/wp-content\/uploads\/2020\/08\/IMAG0862-300x179.jpg 300w, http:\/\/delaprovincia.pe\/wp-content\/uploads\/2020\/08\/IMAG0862-768x459.jpg 768w, http:\/\/delaprovincia.pe\/wp-content\/uploads\/2020\/08\/IMAG0862-1536x919.jpg 1536w, http:\/\/delaprovincia.pe\/wp-content\/uploads\/2020\/08\/IMAG0862-2048x1225.jpg 2048w\" sizes=\"(max-width: 1024px) 100vw, 1024px\" \/><\/figure><\/div>\n\n\n\n<div class=\"wp-block-image\"><figure class=\"aligncenter size-large\"><img loading=\"lazy\" width=\"1024\" height=\"612\" src=\"http:\/\/delaprovincia.pe\/wp-content\/uploads\/2020\/09\/IMAG0907-1024x612.jpg\" alt=\"\" class=\"wp-image-102\" srcset=\"http:\/\/delaprovincia.pe\/wp-content\/uploads\/2020\/09\/IMAG0907-1024x612.jpg 1024w, http:\/\/delaprovincia.pe\/wp-content\/uploads\/2020\/09\/IMAG0907-300x179.jpg 300w, http:\/\/delaprovincia.pe\/wp-content\/uploads\/2020\/09\/IMAG0907-768x459.jpg 768w, http:\/\/delaprovincia.pe\/wp-content\/uploads\/2020\/09\/IMAG0907-1536x919.jpg 1536w, http:\/\/delaprovincia.pe\/wp-content\/uploads\/2020\/09\/IMAG0907-2048x1225.jpg 2048w, http:\/\/delaprovincia.pe\/wp-content\/uploads\/2020\/09\/IMAG0907-530x317.jpg 530w\" sizes=\"(max-width: 1024px) 100vw, 1024px\" \/><\/figure><\/div>\n\n\n\n<div class=\"wp-block-image\"><figure class=\"aligncenter size-large\"><img loading=\"lazy\" width=\"1024\" height=\"612\" src=\"http:\/\/delaprovincia.pe\/wp-content\/uploads\/2020\/09\/Queso-Morochuco.jpg\" alt=\"\" class=\"wp-image-103\" srcset=\"http:\/\/delaprovincia.pe\/wp-content\/uploads\/2020\/09\/Queso-Morochuco.jpg 1024w, http:\/\/delaprovincia.pe\/wp-content\/uploads\/2020\/09\/Queso-Morochuco-300x179.jpg 300w, http:\/\/delaprovincia.pe\/wp-content\/uploads\/2020\/09\/Queso-Morochuco-768x459.jpg 768w, http:\/\/delaprovincia.pe\/wp-content\/uploads\/2020\/09\/Queso-Morochuco-530x317.jpg 530w\" sizes=\"(max-width: 1024px) 100vw, 1024px\" \/><\/figure><\/div>\n\n\n\n<div class=\"wp-block-image\"><figure class=\"aligncenter size-large\"><img loading=\"lazy\" width=\"851\" height=\"969\" src=\"http:\/\/delaprovincia.pe\/wp-content\/uploads\/2020\/09\/QUESO-MOROCHUCO-TEXTO.jpg\" alt=\"\" class=\"wp-image-112\" srcset=\"http:\/\/delaprovincia.pe\/wp-content\/uploads\/2020\/09\/QUESO-MOROCHUCO-TEXTO.jpg 851w, http:\/\/delaprovincia.pe\/wp-content\/uploads\/2020\/09\/QUESO-MOROCHUCO-TEXTO-263x300.jpg 263w, http:\/\/delaprovincia.pe\/wp-content\/uploads\/2020\/09\/QUESO-MOROCHUCO-TEXTO-768x874.jpg 768w, http:\/\/delaprovincia.pe\/wp-content\/uploads\/2020\/09\/QUESO-MOROCHUCO-TEXTO-530x603.jpg 530w\" sizes=\"(max-width: 851px) 100vw, 851px\" \/><\/figure><\/div>\n\n\n\n<p class=\"has-black-color has-text-color\">Para llegar a la queser\u00eda se sale de Huamanga camino a Andahuaylas, aproximadamente a media hora de camino se toma el desv\u00edo a Cangallo. Pasando Condorccocha y luego el desv\u00edo a Cusibamba se encuentra la localidad de Chanquil. en la misma carretera se encuentra la queser\u00eda de los hermanos Colos Arango Percy y Martha Colos. La hospitalidad de la familia Colos Arango es inmejorable. <\/p>\n","protected":false},"excerpt":{"rendered":"<p>En las planicies de Chanquil, muy cerca de Pampa Cangallo, a una hora de Ayacucho, Se encuentra la queseria de los hermanos Colos Arango. Su especialidad el Queso Morochuco. Un sabor con caracter propio, bastante maduro con alto contenido de grasa. Tambi\u00e9n preparan queso fresco, mozarella y ricotta. Para llegar a la queser\u00eda se sale [&hellip;]<\/p>\n","protected":false},"author":1,"featured_media":0,"parent":0,"menu_order":0,"comment_status":"closed","ping_status":"closed","template":"","meta":{"spay_email":""},"_links":{"self":[{"href":"http:\/\/delaprovincia.pe\/index.php\/wp-json\/wp\/v2\/pages\/64"}],"collection":[{"href":"http:\/\/delaprovincia.pe\/index.php\/wp-json\/wp\/v2\/pages"}],"about":[{"href":"http:\/\/delaprovincia.pe\/index.php\/wp-json\/wp\/v2\/types\/page"}],"author":[{"embeddable":true,"href":"http:\/\/delaprovincia.pe\/index.php\/wp-json\/wp\/v2\/users\/1"}],"replies":[{"embeddable":true,"href":"http:\/\/delaprovincia.pe\/index.php\/wp-json\/wp\/v2\/comments?post=64"}],"version-history":[{"count":6,"href":"http:\/\/delaprovincia.pe\/index.php\/wp-json\/wp\/v2\/pages\/64\/revisions"}],"predecessor-version":[{"id":134,"href":"http:\/\/delaprovincia.pe\/index.php\/wp-json\/wp\/v2\/pages\/64\/revisions\/134"}],"wp:attachment":[{"href":"http:\/\/delaprovincia.pe\/index.php\/wp-json\/wp\/v2\/media?parent=64"}],"curies":[{"name":"wp","href":"https:\/\/api.w.org\/{rel}","templated":true}]}}